Evaluate (45 - 1) + (8 + 9 - (50 + -36)) + -2.
45
Calculate 3 + (-25 - -3) + 12 + -14 + -10.
-31
Calculate 33 - (10 - -41 - 46).
28
Evaluate 20 - ((-21 + (-17 - -57) - 22) + 13).
10
Calculate (6 - (-6 + (-3 - -3))) + (-39 + 11 - 44).
-60
2 - 18 - -61 - 61
-16
What is (39 - (36 - 21 - 10)) + -8 + 5?
31
Evaluate -139 + -1 + (91 - (-66 - -149)).
-132
What is the value of (25 - 7) + (45 - 82) + 28 - (-115 - 1)?
125
(7 - (-11 - -51)) + 18 - 15
-30
Evaluate -16 - (-43 + 48 + 11 + (-14 - 3)).
-15
Evaluate 14 + -39 + 14 + -12 - -36.
13
Evaluate 132 + (62 - (21 + 6) - 63).
104
Evaluate -13 - (-6 + (19 + -30 - -20) + (6 - -2)).
-24
What is the value of (29 - (25 + -6)) + (-25 - -4) + -3?
-14
11 + -86 - (-35 + (71 - 29))
-82
Calculate 180 - 165 - (-59 - -1 - -3) - -17.
87
Evaluate 494 + -461 + (-109 - 1) + -5.
-82
-39 + 99 + 61 + -61
60
What is (55 - (45 - -21) - (61 + 0)) + 2 + 7?
-63
Calculate 80 + 33 + -206 + 99.
6
Evaluate -28 + 65 - (-30 - (-49 + 30)).
48
-93 + (20 - (30 + 5 + -23))
-85
Evaluate -32 - (-253 + 112 - (-46 - -3)).
66
What is the value of (3 - 23) + -2 - (-154 + 82)?
50
What is (67 + -3 + -2 - (287 - 279)) + -8?
46
Evaluate (-2 - 8) + (-11 - (36 + -19 + -40)) + 27.
29
Evaluate 41 + -54 + (-1 - (22 - 9 - 76)).
49
What is the value of 0 - -10 - 57 - -10 - (-5 + -2)?
-30
What is 8 + (21 + 0 - (461 + -477))?
45
What is the value of 112 - (104 + (58 - -43))?
-93
6 + 63 + -55 + -5 + 12 + -6
15
-252 - (-238 + 1 + 105)
-120
Evaluate (1 - 9) + (69 - -1) + (-174 - -136).
24
What is 2 + -7 - (4 - -27 - 96 - (1 - -17))?
78
Evaluate -4 + 0 + (-1 - -54) - 11 - -9.
47
(-4 - 61 - 1) + (-19 - -26) + -10
-69
What is the value of -93 - (-101 - -5) - 71?
-68
What is the value of 9 + (1 - (-5 - -4 - (-47 - -44)))?
8
-7 - (37 - (2 - (-10 - (-7 + 9))))
-30
What is -20 + 6 + 14 + (-14 - (-6 - 1)) + -72?
-79
Calculate 696 + -711 - ((1 - 1) + -123) - 2.
106
What is (-15 - -25) + -6 + 25 + (-2 - 7)?
20
What is 0 - 5 - ((-7 - (-41 + 17)) + 0 + -106)?
84
Evaluate (-12 - -2 - -5) + 11 - (42 + -18).
-18
What is the value of 35 + (-53 - -26) + -6?
2
What is the value of -50 - (-61 + -22 - 24)?
57
Calculate 592 + -601 + (0 - 22) - -44.
13
What is the value of (0 + -7 - ((-115 - -16) + 91)) + 58?
59
Evaluate -1 - (-26 + 22 + -23) - -31.
57
-17 - ((-11 + 24 - 1) + -4 + -21)
-4
-40 + 32 + -13 + 18 - -17
14
Evaluate 1 - 25 - (47 - 34 - 105).
68
What is the value of 48 + 37 + -263 + 113?
-65
Evaluate -2 + 21 + (-76 - (-4 + -4)).
-49
166 - 49 - 102 - ((-2 - 1) + (3 - 2))
17
What is the value of -5342 - -5303 - (-2 + 3 + -26)?
-14
What is (326 - 285) + (-38 - 0)?
3
What is 1 + 0 - (6 - -6) - (-197 - -171)?
15
1 - 13 - ((-92 - -165) + -86)
1
Evaluate (-12 - 1 - ((-31 - 87) + 73)) + -5.
27
Evaluate -3 + ((-2 - -16) + -19 - -3) + 18.
13
Calculate -7 + 4 + (12 - 13 - -31).
27
Evaluate 14 - (20 - 37 - (3 + 7)) - -6.
47
-17 + -34 - (-9 - 22)
-20
Calculate -24 - -4 - -25 - (18 + 6).
-19
Calculate 9 - (-57 + 13 - (-5 + 12 + (-4 - -5))).
61
(-12 - (7 + -100) - 14 - -9) + (0 - -2)
78
What is the value of -1 + 10 - (0 + (-49 - -86))?
-28
Evaluate -13 + (-15 + 2 - -1) + 347 + -335.
-13
Calculate -97 + 57 + ((0 - 5) + 8 - -3).
-34
Calculate (-1 - 69) + -1060 + 1065.
-65
Evaluate -39 + (-6 - (6 - 36 - -10)).
-25
What is the value of -29 - 1 - (-6 + -28 + 24 - 26 - -22)?
-16
(3 - -9 - (8 + 0)) + 22
26
Calculate 10 + -9 + (31 - 25) - -42.
49
What is the value of 13 - (72 + -37 + -14)?
-8
What is the value of -1 + (8 - -8 - 23) + (3 + -2 - 44)?
-51
Evaluate (13 - (22 - -3)) + -7 - -1.
-18
What is the value of (349 - 322) + (27 - 140)?
-86
Calculate -12 - 33 - (23 - (30 + -21 + 1)).
-58
(-2 - (-5 + 1)) + 158 + -283 + 120
-3
What is the value of (2 - (9 - (0 - 6))) + 41 + 3?
31
What is the value of 60 - (-31 - -92) - 0?
-1
What is (542 - 624) + (6 + -7 - -2)?
-81
Evaluate 14 + -18 - (54 - 25).
-33
Calculate -2 + -1 + 78 + -3 - (63 - (9 + 41)).
59
What is the value of (165 - 129) + -46 - -107?
97
What is -137 + 12 - (-148 + 157)?
-134
What is the value of -88 + (65 - 8) + (4 - -78)?
51
Calculate (42 - 9) + -26 + (-2 - -1) + 6 + -62.
-50
Evaluate -2 - ((-4 - -16) + (-10 - (8 - 8))).
-4
Evaluate -150 + (-154 - -130 - -96).
-78
Calculate -14 - (-18 + (-16 - -39) + -3).
-16
Evaluate 29 + -4 + -10 + (4 - -12).
31
What is -10 + (-3 - -8) + -6 + (-29 - -17 - -13)?
-10
(-33 - -18 - -52) + 23 + 16
76
What is (-59 - -1) + (12 - ((-2 - -23) + 7))?
-74
(-17 + 30 - (-22 + 19 + 26)) + -91
-101
What is the value of -108 + (77 - 65 - (9 - 20))?
-85
Calculate (-53 - (-5 - 18)) + 47.
17
33 - -4 - 55 - -51
33
What is the value of -10 - -10 - 41 - (-15 + -4 - -15 - -1)?
-38
(-100 - (0 + 4)) + (-80 - (-131 + 60))
-113
What is -4 + -3 - ((3 - -15 - 8) + -22)?
5
Evaluate 618 + -544 + (-65 - 2).
7
Evaluate (-8 - -15) + 4 + (-8 - -1) + -7 + 80.
77
What is the value of 0 - (0 - (4 + -1)) - 7 - (-1160 + 1154)?
2
What is (13 - 1) + -14 + -4 + 3 + -4?
-7
Calculate (416 - 368) + -8 + 0 + 4 + 22.
66
Evaluate (5 + -10 - -5) + (1 - 0) + (-915 - -795).
-119
Calculate (83 - (11 + -11 + (4 + 7 - 23))) + -12.
83
Calculate 161 + -173 - (112 - 11) - 16.
-129
-20 + -3 + -39 + 53 + -28
-37
46 + 0 - (712 + -674) - (0 - -45)
-37
(-3 - -15) + 68 + (13 - 77)
16
Evaluate (1961 + -2008 - (-1 - -15 - 0)) + 1 - 0.
-60
What is 62 + -84 + -62 - -78?
-6
What is the value of -1 + -22 - ((3 - (-11 + -4)) + (-268 - -262))?
-35
Calculate (3 - 10 - (-43 + 19 + -4 + 5)) + -15.
1
-51 + -4 + 60 - (4 - (-3 + 14 - 3))
9
(87 - -36) + -134 - (0 - -7)
-18
Evaluate (-30 - -38 - 14) + (-1 + -1 - (28 - 0)).
-36
What is the value of -1 + 26 - (97 + 209 - 168)?
-113
Evaluate (-15453 - -15455) + (-1 - -19 - (1 + 0)).
19
Calculate -20 - (-20 + 2 + -26) - (2 - (-5 - 5)).
12
21 + -94 + 62 - 22
-33
What is the value of -11 + ((-85 - -20) + 65 - (-13 - 0))?
2
-16 - (288 + -270 - (-1 + 61 - -2))
28
What is the value of -6693 + 6856 + -89 + -1?
73
What is the value of (0 - (-45 - 0)) + (-36 + 29 - 56) + 67?
49
What is -2 + 5 + -6 + (16 - (20 + (44 - 3)))?
-48
Evaluate 14 - 9 - ((9 - -13) + -95).
78
Calculate 3 + 8 + (10 - 23 - (1 + -20)).
17
What is (-24 - (-25 - (-16 + 22 + -15))) + -48 + 0?
-56
Evaluate -31 - -2 - 8 - (-106 - -100).
-31
What is the value of 4 + -27 + 41 + 0 - 82?
-64
Calculate (-27 + -79 - 19 - -34) + 2 + 6.
-83
Calculate -29 + 31 + -12 + 1 - (-2 + 23).
-30
What is the value of -48 + 7 + (-1 - 0 - ((-77 - -10) + 54))?
-29
13 - (114 + (8 + 2 + -7 + 0 - -8))
-112
6 + -1 + 0 + -5 + 86 + -141 + -6
-61
What is the value of -11 - (93 + -2 + 7)?
-109
Calculate 355 + -292 + (0 - (1 - (-4 + 1))) + -5.
54
(-39 + 1 - 1) + (-129 - 37) + 153
-52
What is 16 + (-27 - (43 + -21)) - 17?
-50
What is the value of -7 + 7 - (8 - 20 - -17) - 7?
-12
Calculate (1 - -41) + -18 + (3 - -13) + 10.
50
(-55 - (-28 - 85)) + (1 - 0 - -2)
61
What is 11 + -26 - -19 - (-10 + -53)?
67
Calculate -1 + 13 + 7 + -7 - (-62 + 69).
5
Calculate (-122 - (40 - 43)) + 159.
40
-65 + -15 + (13 - -94)
27
Calculate -3 + 163 - (9 + 7 + (34 - 27)).
137
What is the value of -25 + (-13 - -4) - (-11 - -17 - 13)?
-27
-242 - -298 - (-8 + -27)
91
What is 133 - (-55 + 145) - (-1 - -21)?
23
(-72 - -44) + 54 - -84
110
(-6 + (9 - 4) - -10) + -7 - 14
-12
((-35 - -9) + 15 - (-1 + -2)) + (53 - -18)
63
What is 8 - (0 + -2 - (23 + (-8 - (12 + -5))))?
18
What is (23 - 23 - -10) + (2 + -3 - 106)?
-97
Calculate -7169 - -7139 - (51 + -3).
-78
Calculate 53 + (-33 - (-1 - -64)).
-43
Calculate -88 - (-74 + (8 - -22)).
-44
Calculate -26 - (4 - (26 - 22)) - -26 - (-10 - 1).
11
Calculate (-36 - -7) + 10 - (20 + -3).
-36
Evaluate (-4 - -2 - 7) + 2 + -1656 + 1633.
-30
(-60 - (-42 - -11)) + 99 + -23
47
What is the value of (438 - 412) + (-3 - 2) + 0 + 0?
21
What is the value of 0 - (0 - (-65 + 1)) - (-1023 - -408 - -615)?
-64
What is the value of 5 - 46 - (84 - (119 + -46))?
-52
Evaluate (0 - ((33 - -3) + (3 - -6))) + 10.
-35
What is (-156 - 23) + 66 - -100?
-13
(-28 - (13 - (19 + -15))) + 7 - -12
-18
What is -1474 + 1529 + (-31 - 6)?
18
(-15 - -27) + (4 + -39 - -3) + -3
-23
Calculate 22 + 53 - 55 - (3 + (-3 - 26)).
46
Calculate -10 + (-29 + 37 - 23) - -24.
-1
9 + -43 + 6 + 79
51
Calculate -24 + -11 + 47 + -31.
-19
Evaluate -11 + 15 - (-3 + 0 + 3) - 24.
-20
What is 26 + 12 + (-15 - -5 - (24 + -39))?
43
Evaluate 18 - (102 - (17 